 Suppose -19 = -3*o - 7. Suppose o*c = 3*a - 568, -748 = -4*a + 6*c - 3*c. What is the greatest common factor of l and a?
23
Suppose 7*o = 431 + 689. What is the greatest common factor of 32 and o?
32
Let o be (-6)/(-16) + 183/24. Let x(f) = -f**2 - 8*f. Let s be x(-4). Calculate the highest common factor of s and o.
8
Suppose 3*r + 7*r + 30 = 0. Let z be (-27)/18*4/r*2. Calculate the highest common factor of 4 and z.
4
Suppose 6*i + 1230 = 11*i - t, -3*i - t + 730 = 0. Calculate the greatest common factor of 70 and i.
35
Let i = 435 - 430. Calculate the greatest common factor of 505 and i.
5
Suppose -21*z = -71 - 13. Calculate the highest common divisor of z and 1.
1
Suppose 20 = -5*d, 4*d + 227 - 1 = 2*k. Let o = -11 + 46. Calculate the greatest common divisor of k and o.
35
Let b be (-144)/(-3)*(13 - (-1 - -2)). Calculate the greatest common divisor of 36 and b.
36
Suppose 0 = 7*p - 3*p - 3*k - 27, 2*p + 14 = -4*k. Suppose -2*z - p*z = 0. Suppose 10*w - 4*w - 1026 = z. Calculate the highest common divisor of w and 19.
19
Let d be 2 + 12 + 7 - 3. What is the greatest common factor of 72 and d?
18
Suppose -1659 = -20*u + 3621. What is the highest common factor of u and 33?
33
Suppose -6*g = -19 + 1. Suppose 0 = g*f + 5*q - 54, -3*q = 4*f - 48 - 13. Calculate the highest common factor of 26 and f.
13
Suppose 5*d - 3*g - 150 = 174, 4*g = -2*d + 140. Let q = 2 + d. What is the highest common divisor of q and 34?
34
Let k(c) be the first derivative of -13*c - 3/2*c**2 - 7. Let q be k(-10). What is the greatest common divisor of q and 68?
17
Suppose 17*f - 174 - 370 = 0. Calculate the greatest common divisor of f and 80.
16
Suppose -4*z = 6*l - 2*l - 8, l - 4*z = 7. Suppose -313 = -l*d + 2. Suppose -i = 2, 2*p - 2*i = -p + 67. What is the highest common factor of p and d?
21
Suppose -1180 = -3*j - 244. Calculate the highest common factor of j and 24.
24
Suppose -5*n + 2*b - 166 = -b, 0 = 2*n + 4*b + 56. Suppose 12*l = 17*l + 255. Let f = n - l. Calculate the highest common factor of f and 38.
19
Let x be 45/(-75) + 4356/10. Let n be (-16)/12*x/(-20). What is the highest common divisor of n and 290?
29
Let x(a) be the first derivative of a**3 - 4*a**2 + 3*a + 41. Let q be x(6). What is the greatest common factor of 9 and q?
9
Let l be 4*8/(-64)*-360. Calculate the greatest common factor of 240 and l.
60
Let g = 526 - -1346. What is the highest common divisor of g and 117?
117
Let g = 9 - 44. Let s = g - -47. Calculate the greatest common factor of 96 and s.
12
Let b(t) = 2*t + 8. Let l be b(-4). Suppose l = 2*j + 3*j + 15, -4*j = -3*f + 732. What is the highest common divisor of 30 and f?
30
Suppose -2*g - g + 4*c = -12, -3*c = 0. Suppose 2*f - g*m - 104 = 0, 45 = 4*f + 2*m - 183. Let n = -6 - -20. Calculate the greatest common divisor of n and f.
14
Let g be 46*16 + (5 - 8 - -5). Calculate the highest common divisor of g and 18.
18
Suppose 1692 + 468 = 3*s. Calculate the greatest common divisor of 12 and s.
12
Suppose 0 = -5*a + 4*t + 4478 + 222, a - 5*t = 940. What is the greatest common factor of 20 and a?
20
Let z = 969 + -906. What is the greatest common divisor of 7 and z?
7
Let d be 220/14 + 6/21. Let l = 458 + -430. Calculate the greatest common divisor of l and d.
4
Let r(x) = -65*x - 42. Let c be r(-2). What is the highest common factor of 1100 and c?
44
Let t = -13 + 58. Let w = -60 - -87. Let x = w + -9. Calculate the highest common divisor of t and x.
9
Suppose -4*s - 10*q + 146 = -5*q, -2*s - 3*q + 72 = 0. Suppose -42 = -2*m - 16. What is the greatest common factor of s and m?
13
Let d(p) = p**2 + 8*p - 3. Let m be d(3). Suppose 70 = -4*a - m. Let s be (-44)/11 - (a - 1). Calculate the highest common divisor of 198 and s.
22
Suppose 0 = r - 5*t + 270, -5*t + 191 - 761 = 2*r. Let m be ((-24)/(-32))/((-2)/r). What is the highest common factor of m and 15?
15
Let b be (11 - -3 - -3) + (-1 - 0) + 5. Let c = 269 - 101. What is the highest common factor of c and b?
21
Let h(s) = 18*s**2 + 2*s - 2. Let m be h(1). Let u(i) = 5*i**2 - 2. Let x be u(2). Calculate the greatest common factor of x and m.
18
Suppose -2*q + 130 = 2*a, q + 118 = 2*a - 3*q. Suppose -a = -2*v + 3*k, -4*v + k = -4*k - 121. Calculate the highest common factor of 18 and v.
6
Suppose -3*c = -7 - 8. Suppose -c*m + 132 = -4*i, 0 = -2*m + 5*i + 23 + 23. Calculate the highest common divisor of 4 and m.
4
Suppose 0 = -8*c + 137 + 167. What is the highest common factor of 323 and c?
19
Let b = -124 - -148. Calculate the greatest common divisor of b and 36.
12
Let w be 20*(-10)/(-12)*3. Calculate the highest common divisor of w and 50.
50
Let v be (-1)/(20/19 + -1). Let a = v + 94. Calculate the greatest common divisor of 30 and a.
15
Let g(i) = 3*i + 2. Let x(h) = h - 3. Let d be x(10). Let r be g(d). Let k = 95 + -26. What is the greatest common divisor of r and k?
23
Suppose 196*j + 2500 = 201*j + 4*h, -4*j + 1979 = -h. What is the highest common divisor of 48 and j?
16
Suppose -1520 = -40*m + 30*m. What is the greatest common divisor of m and 380?
76
Let l = 17 + -53. Let b be (l/14)/(2/(-14)). Suppose 0 = -2*z + 4*t + 82, -5*z = t + 4*t - 235. Calculate the greatest common divisor of z and b.
9
Let y be -5 - (-6)/((-6)/(-13)). Let f(a) = 10*a. Let r be f(4). What is the greatest common factor of y and r?
8
Suppose 3*y = -2*v + 486, 3*v + y - 718 = 2*y. Calculate the highest common factor of v and 120.
120
Let g(l) = l**2 - 36*l - 148. Let y be g(-6). What is the highest common factor of 64 and y?
8
Let u = 2 - -7. Suppose 6*m - 9 - u = 0. What is the highest common divisor of m and 21?
3
Suppose -5*i - i + 48 = 0. Let a(h) = h**3 - 8*h**2 + 1. Let g be a(i). Let z be ((-77)/(-33))/(g/6). Calculate the greatest common divisor of 7 and z.
7
Let u(b) = 12*b**2 + 8*b. Let p be u(6). Suppose 0 = -3*k - 2*k - p. Let x be (-16)/k + 11/6. What is the greatest common divisor of x and 2?
2
Suppose 0 = 5*d + 20, -2*d - 14 = -3*n + 2*n. Let j(b) = -16*b + 27. Let p be j(-6). Let l = -81 + p. What is the greatest common factor of n and l?
6
Let f(q) = -33*q + 68. Let g be f(-7). Calculate the greatest common divisor of g and 23.
23
Let m be 3 + (-50)/(-15)*9/6. Suppose 2 = -2*l + 18. Calculate the highest common factor of m and l.
8
Suppose -3*f + 0 + 21 = 0. Let i(z) = z**3 - 5*z**2 - 9*z + 9. Let m be i(f). Suppose m - 9 = 5*x. What is the greatest common divisor of x and 7?
7
Let s = -169 + 196. What is the highest common factor of s and 441?
9
Let f(n) = n**2 - 12*n + 17. Let g be f(19). What is the highest common divisor of 12 and g?
6
Suppose -15*z = -14*z - 2. Let s(a) = 3 - 2*a**2 - 1 + 6*a + a**z - 8. Let i be s(4). Calculate the highest common factor of i and 18.
2
Suppose 5*x + 1610 = 19*x. Calculate the greatest common factor of x and 23.
23
Suppose 36 = -2*v - 2*v. Let u(z) = z**3 + 9*z**2 + z + 13. Let q be u(v). What is the highest common factor of 36 and q?
4
Let h(v) = -4*v**3 + 52*v**2 + 6*v + 36. Let z be h(13). Calculate the greatest common factor of 209 and z.
19
Let n be (-1375)/66 + (-2)/12. Let y = n + 49. Calculate the highest common factor of y and 42.
14
Let z = 330 + -354. Suppose -48 - 52 = 4*a. Let f = z - a. What is the highest common divisor of f and 6?
1
Let v = 167 - -345. Calculate the greatest common factor of 8 and v.
8
Suppose -v = -3 - 5. Let f = 3 + 0. Suppose f*z + 3 = 6. Calculate the greatest common divisor of z and v.
1
Let t = 33 + -28. Suppose -t*n - 5*w + 60 = 0, 5*n - 60 = 2*w + 3*w. Calculate the highest common factor of 8 and n.
4
Suppose -10*r + 104 = -316. What is the greatest common divisor of r and 231?
21
Suppose -5925 = -37*j + 3251. Let c(q) = q**3 + 8*q**2 + 7*q + 1. Let t be c(-6). Calculate the greatest common factor of t and j.
31
Let r(h) = -h**3 - 6*h**2 - h + 4. Let y be r(-6). Suppose 0 = y*d - 7*d - 54. Suppose d = -2*b + 3*b. What is the greatest common factor of 27 and b?
9
Let l be 0 + 0/(-1) + 3. Let w be 10/(-8) + 4 - 6/8. Calculate the greatest common factor of w and l.
1
Let k = 666 + -658. What is the greatest common factor of k and 2488?
8
Let q(y) = -6*y + 45. Let r be q(7). Calculate the greatest common factor of r and 849.
3
Suppose 5*o - 30 = 4*h, 0*h + 4*h = -2*o - 16. Let z be o/4 + 135/10. Let s = 46 +